103201. Give x(12).
1
Let o(j) = 83*j + 557. Determine o(-7).
-24
Let b(d) = -85*d - 5454. Calculate b(-64).
-14
Let n(l) = -17*l - 1506. What is n(-87)?
-27
Let f(a) = -824*a + 113713. Determine f(138).
1
Let s(i) = -185*i - 8694. What is s(-47)?
1
Let l(f) = -111*f + 16578. What is l(149)?
39
Let s(r) = 11*r**2 - 201*r + 751. Give s(13).
-3
Let r(v) = v**3 + 29*v**2 + 123*v + 2715. What is r(-28)?
55
Let b(l) = -l**3 + 4*l**2 - 56*l + 541. Calculate b(7).
2
Let c(j) = j**2 + 255*j + 16048. What is c(-113)?
2
Let j(i) = i**3 + 7*i**2 + 61*i + 325. Determine j(-6).
-5
Let b(j) = 2*j**3 - 2*j**2 + 4. What is b(3)?
40
Let j(h) = -3838*h + 53727. What is j(14)?
-5
Let p(y) = -4*y**2 + 196*y + 679. Calculate p(52).
55
Let h(r) = -r**3 + 20*r**2 - 12*r - 147. Give h(18).
285
Let h(k) = 79*k**2 - 236*k - 14. Give h(3).
-11
Let m(x) = -x**3 + 4*x**2 + 133*x + 352. Give m(-6).
-86
Let d(p) = 18*p**2 + 445*p + 726. Calculate d(-23).
13
Let a(d) = -73*d + 367. Give a(12).
-509
Let y(z) = -z**2 - 84*z + 179. Give y(-86).
7
Let i(p) = -p**3 + 11*p**2 + 139. Give i(12).
-5
Let g(h) = -145*h + 2165. Calculate g(12).
425
Let p(i) = 3*i**3 - 6*i**2 - 18*i + 7. Calculate p(-4).
-209
Let d(w) = -w**3 + 4*w**2 + 54*w - 169. Give d(8).
7
Let o(p) = p**3 - 24*p**2 + 95*p - 30. What is o(19)?
-30
Let p(i) = -2*i**2 - 181*i - 3385. What is p(-64)?
7
Let m(b) = b**2 - 11*b - 152. Give m(-13).
160
Let r(z) = -z**3 + 206*z**2 - 4368*z - 6. What is r(24)?
-6
Let b(p) = 9*p - 4753. Determine b(528).
-1
Let d(a) = -246*a + 113160. Give d(460).
0
Let t(j) = 106*j - 39. Give t(-1).
-145
Let j(r) = -2*r**3 + 7*r**2 + 91*r - 550. Calculate j(7).
-256
Let w(x) = 44*x**2 - 221*x + 3. What is w(5)?
-2
Let i(b) = -10*b - 102. Give i(-8).
-22
Let n(i) = 7*i**2 + 107*i + 19. Calculate n(-15).
-11
Let i(h) = -21*h**2 - 69*h - 353. Calculate i(-5).
-533
Let o(l) = -9*l**3 - 9*l**2 + 42*l + 42. What is o(-1)?
0
Let r(x) = -13*x**2 - 260*x + 2. Give r(-20).
2
Let z(f) = -f**3 + 6*f**2 + 53*f - 127. Give z(10).
3
Let s(z) = -504*z + 1505. Determine s(3).
-7
Let o(i) = -4*i**2 + 30*i - 10. Give o(7).
4
Let v(z) = 89*z - 517. What is v(6)?
17
Let k(u) = 5*u**2 - 13*u + 9. Calculate k(6).
111
Let g(p) = -166*p - 374. Determine g(-5).
456
Let a(b) = -23*b**2 + 455*b + 27. Determine a(19).
369
Let x(l) = -4*l**3 - 25*l**2 + 12*l + 7. Calculate x(-5).
-178
Let f(y) = 14*y - 32. Calculate f(2).
-4
Let m(f) = f**2 - 185*f + 3168. Give m(19).
14
Let p(t) = -252*t + 3. Calculate p(0).
3
Let q(i) = -5*i**2 - 59*i - 240. Determine q(-9).
-114
Let n(z) = 55*z**3 + z**2 + 2*z + 3. What is n(-1)?
-53
Let l(i) = -2*i**2 - 46*i - 159. What is l(-19)?
-7
Let c(x) = 82*x**2 - 1075*x + 116. Calculate c(13).
-1
Let j(n) = -n**3 - 8*n**2 + 10*n + 19. What is j(-5)?
-106
Let l(b) = b**3 - 37*b**2 + 68*b - 1112. Determine l(36).
40
Let o(z) = 6*z**2 - 488*z - 242. Calculate o(82).
86
Let h(i) = 411*i + 3090. Calculate h(-7).
213
Let t(i) = -2549*i + 22946. What is t(9)?
5
Let d(p) = 7*p**2 - 117*p + 15. Calculate d(17).
49
Let f(c) = -2*c**3 + 157*c**2 + 241*c + 95. What is f(80)?
175
Let k(p) = -3*p**2 - 734*p - 3363. What is k(-240)?
-3
Let n(a) = -a**2 - 5*a + 1202. Calculate n(-38).
-52
Let w(j) = j**3 - 91*j**2 - 279*j - 259. Calculate w(94).
23
Let r(q) = -q**2 + 11*q - 228. Calculate r(15).
-288
Let d(h) = -425*h + 3417. What is d(8)?
17
Let c(a) = -98*a**2 + 291*a - 6. What is c(3)?
-15
Let q(a) = -5*a**3 + 28*a**2 - 3*a - 20. Give q(6).
-110
Let o(z) = -49*z - 1417. Give o(-29).
4
Let x(s) = 3*s**3 + s**2 - 155*s + 11. Calculate x(7).
4
Let s(n) = n**3 + 27*n**2 - 62*n + 41. What is s(-29)?
157
Let f(o) = -o**3 + 69*o - 196. Give f(3).
-16
Let s(i) = 4*i**2 - 249*i + 56. What is s(62)?
-6
Let z(g) = 3*g**3 + 128*g**2 - 41*g + 113. Give z(-43).
27
Let u(l) = l**3 + 5*l**2 - 268*l - 23. Calculate u(14).
-51
Let u(m) = 307*m + 8294. What is u(-27)?
5
Let a(z) = 2*z**3 - 10*z**2 - 101*z - 5. What is a(10)?
-15
Let f(d) = 10*d**2 + 2655*d - 6692. What is f(-268)?
8
Let b(l) = -l**3 + 21*l**2 - 469*l + 9019. Give b(20).
39
Let c(l) = 71*l - 628. What is c(10)?
82
Let u(d) = 146*d**2 - 207*d - 5. What is u(3)?
688
Let o(n) = -2*n - 45. Give o(-33).
21
Let b(p) = 2*p**3 - 7*p**2 - 188*p + 966. What is b(5)?
101
Let x(b) = b**3 - b**2 - 98*b - 67. Determine x(-9).
5
Let n(o) = -17*o**2 - 103*o + 461. What is n(4)?
-223
Let y(b) = 2*b**3 + 79*b**2 + 572*b + 53. Give y(-30).
-7
Let n(a) = -2*a**3 + 14*a**2 - 14*a + 67. What is n(6)?
55
Let z(f) = -2*f**3 + 14*f**2 - 17*f + 7. Calculate z(8).
-257
Let o(n) = -n**3 + 22*n**2 - 46*n + 17. Determine o(20).
-103
Let n(v) = 2*v**3 + 207*v**2 + 105*v + 213. Give n(-103).
7
Let r(d) = d**3 - 23*d**2 + 35*d - 34. Give r(21).
-181
Let g(m) = m**3 - 11*m**2 + 124*m - 794. What is g(8)?
6
Let h(c) = c**3 + 10*c**2 + 15*c + 24. Calculate h(-9).
-30
Let p(h) = -12*h**3 + 387*h**2 - 96*h - 5. What is p(32)?
-5
Let d(g) = 146*g + 7. What is d(-1)?
-139
Let d(y) = y**2 + 22*y - 256. Determine d(15).
299
Let t(x) = -26*x - 1179. Give t(-46).
17
Let m(s) = -s**3 - 9*s**2 + 71*s + 21. Calculate m(-14).
7
Let z(w) = w**2 + 18*w + 47. What is z(-12)?
-25
Let z(i) = i**2 - 166*i + 2925. Determine z(21).
-120
Let b(k) = -12*k - 281. Determine b(-21).
-29
Let x(g) = -g**3 + 41*g**2 + 61*g + 1098. Give x(43).
23
Let c(q) = -621*q - 2492. Give c(-4).
-8
Let m(p) = -p**3 + 34*p**2 - p - 2. Determine m(34).
-36
Let c(u) = -u**3 + 4*u**2 + 29*u - 189. What is c(-6)?
-3
Let q(d) = -3*d**2 - 145*d - 1448. Determine q(-13).
-70
Let a(p) = -41*p + 906. Calculate a(22).
4
Let u(k) = -2*k**3 - 13*k**2 + 46*k + 9. Give u(-9).
0
Let f(g) = 20*g - 182. Determine f(-6).
-302
Let y(n) = n**3 - 8*n**2 + 2*n + 20. Determine y(7).
-15
Let v(t) = 27*t + 1840. Calculate v(-66).
58
Let o(h) = 52*h + 210. What is o(-10)?
-310
Let c(y) = 54*y + 629. Calculate c(-11).
35
Let y(o) = -33*o + 113. Determine y(-5).
278
Let o(f) = -2*f**2 + 25*f - 53. What is o(18)?
-251
Let c(u) = u**2 - 396*u - 3223. What is c(-8)?
9
Let j(o) = -o**2 + 5*o + 99. Determine j(-7).
15
Let u(h) = -h**2 + 261*h + 5. What is u(0)?
5
Let i(k) = k**3 - 23*k**2 - 36*k + 352. Determine i(24).
64
Let m(x) = -x**3 - 47*x**2 + 94*x - 197. What is m(-49)?
-1
Let w(z) = z**3 - 15*z**2 + 33*z + 53. What is w(8)?
-131
Let z(x) = -146*x + 899. What is z(12)?
-853
Let u(g) = 3*g**3 - 31*g**2 - 17*g - 31. Give u(11).
24
Let m(k) = -k**2 + 777*k + 2336. Determine m(-3).
-4
Let y(s) = 2*s**3 + 104*s**2 + 89*s - 670. Give y(-51).
-7
Let f(q) = -12*q**3 - 4*q**2 - 9*q - 10. Give f(-2).
88
Let j(i) = 96*i**2 + 7*i - 133. Give j(0).
-133
Let s(c) = 7*c**2 + 1821*c + 237. What is s(-260)?
-23
Let x(q) = 861*q + 2573. Calculate x(-4).
-871
Let o(b) = -2*b**3 - 25*b**2 - 11*b - 204. Determine o(-13).
108
Let k(o) = 25*o**2 + 114*o + 3. Give k(-6).
219
Let y(t) = -17*t**2 + t + 3. Determine y(-1).
-15
Let f(y) = -y**2 + 29*y + 536. What is f(42)?
-10
Let r(y) = -15*y + 59. Give r(7).
-46
Let l(p) = -p**2 - 25*p - 14. What is l(-5)?
86
Let t(p) = 9*p**2 - 181*p + 14. Calculate t(20).
-6
Let n(m) = -10*m**3 + 230*m**2 + 11*m - 153. What is n(23)?
100
Let q(z) = -2*z**3 + 18*z**2 - 7*z + 17. Give q(7).
164
Let h(q) = -6*q**2 - 1493*q - 1493. What is h(-1)?
-6
Let i(a) = -a**3 + 52*a**2 - 52*a + 88. Calculate i(51).
37
Let q(i) = -4*i**3 + 3*i**2 + 4*i + 2. Give q(-2).
38
Let b(p) = -p**2 - 17*p + 115. Calculate b(15).
-365
Let a(i) = -i**3 - 43*i**2 - 151*i + 110. Determine a(-39).
-85
Let p(z) = -z**2 - 25*z - 96. Give p(-5).
4
Let q(p) = 89*p + 240. Calculate q(0).
240
Let b(p) = -p**3 + 21*p**2 + 231*p + 21. Give b(29).
-8
Let u(c) = -164*c - 1418. Give u(-6).
-434
Let v(n) = -51*n - 688. Calculate v(-15).
77
Let s(q) = -2*q**3 + 46*q**2 - 46*q + 38. Calculate s(22).
-6
Let y(x) = 89*x**3 - 621*x**2 - 14*x + 5. What is y(7)?
5
Let d(y) = -y**2 + 48*y - 428. Calculate d(12).
4
Let z(q) = 109*q + 1390. What is z(-12)?
82
Let n(j) = 219*j + 23439. Calculate n(-107).
6
Let g(w) = 154*w - 927. Determine g(6).
-3
Let j(z) = -z**3 + 30*z**2 + 54*z - 197. Give j(32).
-517
Let x(y) = 3*y**3 + 21*y**2 + 22*y - 12. Give x(-6).
-36
Let a(y) = -39*y - 442. Calculate a(-15).
143
Let l(y) = -y**3 - 15*y**2 - 42*y + 22. Determine l(-5).
-18
Let q(y) = -5*y + 47. Calculat